99 is divided by 135856.
7
Calculate the remainder when 4737302 is divided by 1579100.
2
What is the remainder when 46112760 is divided by 93535?
5
Calculate the remainder when 24519576 is divided by 133.
95
What is the remainder when 66460344 is divided by 330?
324
What is the remainder when 3229765 is divided by 543?
1
Calculate the remainder when 2780959 is divided by 6084.
571
Calculate the remainder when 3906178 is divided by 39455.
133
Calculate the remainder when 4578454 is divided by 1526115.
109
What is the remainder when 194663 is divided by 16221?
11
What is the remainder when 193484557 is divided by 25?
7
What is the remainder when 227620 is divided by 113742?
136
What is the remainder when 568390 is divided by 142088?
38
Calculate the remainder when 2365691 is divided by 30722.
97
What is the remainder when 91449603 is divided by 2795?
2793
Calculate the remainder when 487987 is divided by 121995.
7
Calculate the remainder when 10488714 is divided by 44.
38
What is the remainder when 9377017 is divided by 1564?
837
Calculate the remainder when 303015 is divided by 1774.
1435
What is the remainder when 263230 is divided by 8416?
2334
What is the remainder when 257055 is divided by 668?
543
Calculate the remainder when 1097000 is divided by 109650.
500
What is the remainder when 3310699 is divided by 1058?
217
What is the remainder when 12382 is divided by 6187?
8
What is the remainder when 664558 is divided by 60?
58
What is the remainder when 469585 is divided by 272?
113
What is the remainder when 29847647 is divided by 27308?
3
Calculate the remainder when 3056067 is divided by 255.
147
Calculate the remainder when 11202830 is divided by 464.
14
What is the remainder when 332000 is divided by 11440?
240
What is the remainder when 147444 is divided by 8?
4
Calculate the remainder when 1424228 is divided by 4373.
3003
Calculate the remainder when 1254677 is divided by 20911.
17
What is the remainder when 30769656 is divided by 3846206?
8
What is the remainder when 17995230 is divided by 41?
2
Calculate the remainder when 2393604 is divided by 8610.
24
What is the remainder when 15270365 is divided by 1484?
5
What is the remainder when 165876 is divided by 10381?
10161
Calculate the remainder when 46461100 is divided by 46461091.
9
Calculate the remainder when 673975 is divided by 4319.
211
Calculate the remainder when 403863 is divided by 7273.
3848
What is the remainder when 127659895 is divided by 7978743?
7
Calculate the remainder when 422159 is divided by 1330.
549
What is the remainder when 187840292 is divided by 84?
80
Calculate the remainder when 149566031 is divided by 5922.
5921
Calculate the remainder when 19265212 is divided by 11286.
10
Calculate the remainder when 43991 is divided by 9985.
4051
Calculate the remainder when 4172712 is divided by 834477.
327
Calculate the remainder when 2916723 is divided by 555.
198
What is the remainder when 2372434 is divided by 296535?
154
Calculate the remainder when 2628771 is divided by 255.
231
What is the remainder when 292913 is divided by 48?
17
Calculate the remainder when 956796 is divided by 1511.
333
Calculate the remainder when 133139981 is divided by 24.
5
What is the remainder when 152010 is divided by 50141?
1587
Calculate the remainder when 131567 is divided by 9397.
9
Calculate the remainder when 54320317 is divided by 4.
1
Calculate the remainder when 11032564 is divided by 1251.
1246
Calculate the remainder when 41454 is divided by 1410.
564
Calculate the remainder when 1454522 is divided by 1942.
1906
What is the remainder when 24866372 is divided by 3009?
3005
What is the remainder when 26768 is divided by 1322?
328
What is the remainder when 9365461 is divided by 497?
490
What is the remainder when 8737 is divided by 718?
121
Calculate the remainder when 5293182 is divided by 81.
75
Calculate the remainder when 378264 is divided by 1982.
1684
What is the remainder when 1595560 is divided by 2493?
40
Calculate the remainder when 7592778 is divided by 132.
6
What is the remainder when 4274507 is divided by 12354?
23
Calculate the remainder when 2434743 is divided by 255.
3
Calculate the remainder when 3777219 is divided by 1153.
1144
What is the remainder when 519035 is divided by 14827?
90
Calculate the remainder when 358163 is divided by 820.
643
Calculate the remainder when 716603 is divided by 613.
6
What is the remainder when 30238 is divided by 8886?
3580
Calculate the remainder when 103008 is divided by 102807.
201
What is the remainder when 20489 is divided by 76?
45
What is the remainder when 47748 is divided by 5334?
5076
Calculate the remainder when 309244 is divided by 76181.
4520
Calculate the remainder when 1280200 is divided by 126.
40
What is the remainder when 30586726 is divided by 19?
13
What is the remainder when 151891 is divided by 30190?
941
What is the remainder when 5660536 is divided by 27?
13
What is the remainder when 8747917 is divided by 53?
2
Calculate the remainder when 1979089 is divided by 494772.
1
What is the remainder when 1193323 is divided by 298284?
187
What is the remainder when 13437 is divided by 13129?
308
Calculate the remainder when 6112025 is divided by 247.
10
Calculate the remainder when 11695141 is divided by 716.
713
Calculate the remainder when 13773024 is divided by 1186.
6
What is the remainder when 49504209 is divided by 10?
9
Calculate the remainder when 93030 is divided by 18597.
45
What is the remainder when 2065010 is divided by 516242?
42
What is the remainder when 34414342 is divided by 11471436?
34
Calculate the remainder when 3499475 is divided by 1657.
1548
Calculate the remainder when 75492646 is divided by 1224.
1222
What is the remainder when 226313 is divided by 113127?
59
What is the remainder when 11414509 is divided by 10?
9
Calculate the remainder when 191200609 is divided by 28155.
4
What is the remainder when 4464898 is divided by 5588?
86
Calculate the remainder when 156898551 is divided by 5837.
5828
What is the remainder when 280095 is divided by 7239?
5013
What is the remainder when 18676765 is divided by 9568?
29
What is the remainder when 30540745 is divided by 1223?
1212
What is the remainder when 50487621 is divided by 23?
22
What is the remainder when 5746781 is divided by 33?
29
Calculate the remainder when 77275 is divided by 421.
232
What is the remainder when 593853 is divided by 98?
71
Calculate the remainder when 19205 is divided by 4329.
1889
Calculate the remainder when 2912204 is divided by 19.
17
What is the remainder when 12020597 is divided by 177?
173
Calculate the remainder when 8249376 is divided by 9671.
13
What is the remainder when 423668 is divided by 1300?
1168
Calculate the remainder when 115273 is divided by 27540.
5113
Calculate the remainder when 244642 is divided by 80893.
1963
Calculate the remainder when 8642859 is divided by 15270.
39
Calculate the remainder when 2108496 is divided by 3680.
3536
Calculate the remainder when 203574 is divided by 929.
123
What is the remainder when 5463728 is divided by 1212?
32
Calculate the remainder when 14248611 is divided by 2924.
2883
Calculate the remainder when 56616 is divided by 2697.
2676
Calculate the remainder when 4532784 is divided by 648.
24
Calculate the remainder when 36305673 is divided by 1910824.
17
What is the remainder when 707014 is divided by 69?
40
What is the remainder when 164073 is divided by 264?
129
Calculate the remainder when 39256471 is divided by 1816.
1815
What is the remainder when 26335 is divided by 13157?
21
What is the remainder when 36107094 is divided by 2580?
2574
What is the remainder when 952722 is divided by 2680?
1322
What is the remainder when 1931282047 is divided by 379?
377
What is the remainder when 2041802 is divided by 6150?
2
What is the remainder when 830211 is divided by 3403?
3282
Calculate the remainder when 17866 is divided by 5953.
7
Calculate the remainder when 876225 is divided by 2195.
420
What is the remainder when 776832 is divided by 388407?
18
Calculate the remainder when 363451 is divided by 713.
534
Calculate the remainder when 28953 is divided by 14205.
543
What is the remainder when 50767 is divided by 47594?
3173
What is the remainder when 6906